ase 9?
624305
736329 (base 15) to base 11
3109623
-101010110010011011100 (base 2) to base 3
-2122020021202
Convert 654132 (base 7) to base 8.
337163
What is 11272a (base 14) in base 9?
1077821
130000010222 (base 4) to base 14
d91094
What is 2ba277a (base 12) in base 11?
5043565
What is -14507500 (base 9) in base 6?
-414305130
What is 143302052 (base 7) in base 5?
4410304224
What is -218675 (base 9) in base 13?
-47855
What is 101223312312 (base 4) in base 7?
54256200
Convert 3283003 (base 9) to base 3.
10022210000010
What is -211430012 (base 5) in base 12?
-36a832
-20c957 (base 15) to base 2
-101111101001100001101
What is 87165 (base 16) in base 13?
164b0b
Convert 367021 (base 11) to base 15.
b6e44
11122000100 (base 3) to base 6
1541530
What is 1785a4 (base 13) in base 7?
5004314
-15467 (base 11) to base 4
-11111131
3323330224 (base 5) to base 6
415144505
What is 415744 (base 10) in base 3?
210010021221
What is -2534523 (base 6) in base 16?
-217b3
-142d12 (base 14) to base 13
-1b653a
Convert 119b0b2 (base 12) to base 7.
41146565
Convert 110001111011010110000 (base 2) to base 9.
3063165
Convert 51325 (base 11) to base 2.
10010010010101110
Convert -100000100010001101111 (base 2) to base 16.
-10446f
Convert 1021021220120 (base 3) to base 8.
2446254
What is 25786 (base 11) in base 5?
2140003
Convert 122522620 (base 7) to base 10.
7737016
What is -54308c (base 16) in base 3?
-101101022112002
-1001110100100001 (base 2) to base 7
-225163
What is 40bcbc (base 13) in base 4?
11301001202
What is -1113240422 (base 5) in base 6?
-125034232
What is 3200144 (base 6) in base 7?
1215412
What is -864575 (base 12) in base 7?
-24020621
Convert -1022202212001 (base 3) to base 2.
-10101011111001101011
What is -24544130 (base 6) in base 14?
-168622
a9aa703 (base 11) to base 8
111561307
What is 269977 (base 11) in base 13?
11a772
What is -13210343 (base 5) in base 7?
-1056522
96606 (base 13) to base 3
111210002100
Convert 102838 (base 10) to base 13.
37a68
Convert -320032320 (base 4) to base 12.
-b1360
3639253 (base 11) to base 12
2157433
What is 60dec0 (base 16) in base 8?
30157300
-23a07b (base 12) to base 11
-364770
Convert 2211011212 (base 3) to base 4.
31203233
What is 4895c (base 13) in base 16?
2092a
What is 467071 (base 9) in base 12?
116561
7298a (base 11) to base 6
2140144
What is -11001220221 (base 3) in base 16?
-13906
Convert -197717 (base 14) to base 10.
-904169
Convert a858b9 (base 12) to base 6.
133033553
Convert -28146 (base 11) to base 13.
-15339
Convert -4963047 (base 11) to base 6.
-504530321
Convert -461625 (base 8) to base 14.
-410b3
What is -4353454 (base 6) in base 13?
-77b72
25a46 (base 15) to base 6
2325333
What is 2711061 (base 9) in base 7?
15416164
What is 261694 (base 10) in base 8?
777076
What is -55d0b (base 14) in base 4?
-302313213
Convert 5be5a3 (base 15) to base 16.
432c66
-2114b1 (base 14) to base 6
-35542431
294945 (base 11) to base 7
3625036
-571025 (base 9) to base 6
-11154552
-25251335 (base 6) to base 9
-1472625
Convert -83838 (base 11) to base 15.
-262c0
-2390eb (base 15) to base 4
-12133111211
Convert -176961 (base 10) to base 16.
-2b341
What is 167800 (base 12) in base 9?
648150
110134241 (base 7) to base 14
c42421
Convert -1200102012100 (base 3) to base 8.
-3321712
What is -54344 (base 6) in base 12?
-43b4
Convert 12010211100 (base 3) to base 7.
601026
16151634 (base 7) to base 8
5744577
Convert a867 (base 15) to base 2.
1000101100111111
What is -3011303233 (base 4) in base 3?
-1112011102021
-30212033221 (base 4) to base 7
-40032631
What is 98c500 (base 14) in base 9?
10666801
Convert -183481 (base 13) to base 3.
-1010211212011
-6565400 (base 8) to base 6
-101451040
Convert -1a51a (base 11) to base 5.
-1403302
Convert 14642602 (base 7) to base 12.
5794a7
Convert -22a62a (base 12) to base 16.
-88102
Convert -373d5 (base 16) to base 11.
-144aa2
447116 (base 8) to base 15
2eb98
Convert 56751 (base 13) to base 4.
212120310
Convert 1149db (base 14) to base 16.
8fd75
41132d (base 14) to base 7
24432556
Convert 24167620 (base 8) to base 15.
6eb93d
What is 227559 (base 10) in base 8?
674347
What is 104349 (base 10) in base 11?
71443
What is -25734125 (base 9) in base 14?
-197759b
Convert -220222121021 (base 3) to base 11.
-306538
What is -147461 (base 8) in base 14?
-15489
What is 2151046 (base 8) in base 3?
1002100222121
What is 2115136 (base 7) in base 9?
430514
Convert -233133504 (base 6) to base 12.
-155a294
Convert 742554 (base 11) to base 12.
49427b
78898 (base 13) to base 15
44d3a
1071c (base 15) to base 14
15067
110011101112 (base 3) to base 4
322130210
Convert -16ba429 (base 12) to base 7.
-55106253
Convert -100350 (base 10) to base 3.
-12002122200
Convert -6c217 (base 14) to base 2.
-1000000011010011101
Convert -7d5d (base 14) to base 8.
-52517
Convert -23331314 (base 5) to base 14.
-582b6
What is 50a8a5 (base 11) in base 12?
336400
-138492a (base 13) to base 11
-3540847
Convert 6b92 (base 15) to base 13.
a538
13333756 (base 8) to base 7
34316203
Convert -7263b6 (base 15) to base 2.
-10100101111101000010011
-18ab4b (base 13) to base 7
-5205201
10100101111100000111 (base 2) to base 4
2211330013
What is 36b604 (base 12) in base 4?
3121132210
What is -4236036 (base 9) in base 16?
-229b30
What is -110021000100010 (base 3) in base 7?
-106244046
What is -70a948 (base 11) in base 5?
-243014213
What is -765a1 (base 12) in base 2?
-100110001011001001
What is -63176015 (base 8) in base 12?
-45ba291
What is -ca (base 13) in base 6?
-434
2047510 (base 8) to base 7
4425465
Convert 2067359 (base 14) to base 11.
8707236
What is 64ad6 (base 15) in base 13?
b2695
-9b0b7 (base 14) to base 7
-3124320
Convert 28d86 (base 14) to base 10.
101450
6452115 (base 8) to base 4
12211101031
1417211 (base 10) to base 9
2600038
-111001000101111100100010 (base 2) to base 9
-31141233
Convert 1e090 (base 15) to base 5.
11114020
Convert 6a6937 (base 12) to base 6.
100410111
What is 1018055 (base 11) in base 3?
10101021220020
What is -10101011011010000 (base 2) in base 10?
-87760
What is -443240023 (base 5) in base 11?
-10a9576
What is a566 (base 13) in base 6?
254003
14600606 (base 7) to base 15
1c863b
What is -202122000120210 (base 3) in base 8?
-51645621
Convert 1539715 (base 11) to base 14.
4c7a8d
Convert -12153533 (base 7) to base 6.
-35201235
-56207b (base 12) to base 6
-45224235
What is -231550 (base 12) in base 4?
-2021103030
What is 10032162 (base 7) in base 6?
25453353
What is 278cad (base 14) in base 4?
11032032321
Convert -22b3e (base 15) to base 14.
-2c3d4
-126db (base 16) to base 7
-433032
42210 (base 16) to base 10
270864
Convert -40949 (base 12) to base 8.
-244511
133403424 (base 7) to base 8
41013720
-110011110011101111111101 (base 2) to base 7
-223303440
What is 100202100120012 (base 3) in base 11?
2a20574
What is -15dd5 (base 15) in base 8?
-211741
Convert 1203020123 (base 4) to base 8.
1431033
Convert -15166 (base 10) to base 4.
-3230332
What is 9deb9d (base 15) in base 8?
34613145
Convert 51411514 (base 7) to base 10.
4305592
14121055 (base 6) to base 14
c5c83
Convert -302201 (base 7) to base 16.
-c806
Convert dd64d (base 16) to base 6.
31234141
-112231302202 (base 4) to base 3
-102012112100021
What is -1124424431 (base 5) in base 15?
-35d7b1
What is -1678884 (base 9) in base 2?
-11100101000011101010
Convert 11111111110010011 (base 2) to base 14.
35a27
Convert -2272836 (base 12) to base 4.
-121100010222
-191471 (base 15) to base 6
-42045141
-110121122212220 (base 3) to base 11
-386a83a
-7543134 (base 10) to base 3
-112012020020100
111001120222 (base 3) to base 15
5125e
Convert -35285 (base 12) to base 8.
-213105
-d37c4 (base 16) to base 11
-541905
What is -286d0 (base 14) in base 4?
-120130232
What is 2a7490 (base 11) in base 10?
478412
5c63b2 (base 15) to base 10
4425467
What is 129a5a (base 11) in base 8?
615503
What is 4213221 (base 6) in base 13?
71c41
What is -13224144 (base 5) in base 2?
-100000011110111001
Convert 1164314 (base 7) to base 6.
3120132
64710 (base 11) to base 9
152875
Convert -5121333 (base 7) to base 14.
-11c61a
What is -2020210211 (base 3) in base 11?
-3033a
101412202 (base 6) to base 11
aa1773
276d1e (base 15) to base 10
1896329
-240124110 (base 5) to base 8
-4141637
-2011212022000 (base 3) to base 5
-2440